*6/(-4)?
2
Suppose 4*j - 3*h - 125 = 0, -3*j - 2*j = 5*h - 165. Calculate the remainder when j is divided by 7.
4
Let v(j) be the third derivative of 5*j**4/24 - j**3/6 + 2*j**2. Let p be v(-1). Calculate the remainder when 18 is divided by ((-8)/(-10))/(p/(-75)).
8
Let j = -28 + 98. Suppose 0*i - 45 = -3*i. Calculate the remainder when j/4*56/35 is divided by i.
13
Suppose -5*m + 85 = 2*g, 0 = 2*m - 2*g + 4*g - 28. What is the remainder when m is divided by 12?
7
Let r be 1/4*-2*12. Let s(x) be the third derivative of -x**6/120 - x**5/12 - x**4/24 + 7*x**3/6 + 2*x**2. What is the remainder when s(r) is divided by 17?
15
What is the remainder when 47 is divided by (2/4)/((-7)/(-168))?
11
Let i(a) = 12*a**2 + 2*a + 4. Calculate the remainder when i(-3) is divided by 36.
34
Let b(n) = 2*n**2 - 9*n - 9. Let i be b(9). What is the remainder when (i/16)/((-6)/(-8)) is divided by 3?
0
Let s = 7 - 4. Let d be ((-38)/(-8))/(5/20). Suppose -17 - d = -s*x. Calculate the remainder when 35 is divided by x.
11
Suppose -3*j + 0 = -3. Let l = 0 - -10. What is the remainder when -58*(4/(-8))/j is divided by l?
9
Let r = -20 + 17. Let b(m) = -m**3 + m + 3. What is the remainder when b(r) is divided by 15?
12
Let w be (2 - 14)*9/6. Let i = -16 - w. What is the remainder when 3 is divided by i?
1
Let b be (-2)/6 + (-33)/9. Let l(v) = -v**2 - 6*v - 4. What is the remainder when 11 is divided by l(b)?
3
Let u be 7*9*6/21. Let q = u + -6. Suppose -17 = -2*k + 29. Calculate the remainder when k is divided by q.
11
Suppose -7*q + 4*q + 31 = -4*k, -2*q + 5*k + 23 = 0. Suppose h - 19 = -3. What is the remainder when h is divided by q?
7
Suppose 2*f + 8 = 2*h, -h + 2*h = -f. What is the remainder when 8 is divided by h?
0
Let u = -7 + 7. Suppose 4*v - 2*s - 42 - 14 = u, -v - s + 17 = 0. What is the remainder when v is divided by 4?
3
Let d be (-3)/9 + (-2)/(-6). Suppose -3*n = -d*n - 114. Let b = -48 + 68. Calculate the remainder when n is divided by b.
18
Suppose 5*z - 53 = -13. Let u be ((-4)/(-2))/(z/(-212)). Let f = -31 - u. Calculate the remainder when f is divided by 8.
6
Let b = -64 + 112. Let r(g) = -5*g - 2. What is the remainder when b is divided by r(-3)?
9
Let m = -20 + 25. Calculate the remainder when 17 is divided by m.
2
Let x(u) = -2*u**3 - 7*u**2 - 2*u - 2. Let h be x(-5). Let i = h + -50. Calculate the remainder when i is divided by 18.
15
Let x(s) = 6*s - 2. Let p be x(4). Let b = 37 - p. Let z(c) = -6*c + 8. Calculate the remainder when z(-6) is divided by b.
14
Let h = 42 + -9. Calculate the remainder when h is divided by 13.
7
Let k = 95 - 46. Calculate the remainder when k is divided by 17.
15
Suppose -3*t + 3*j = -39, 0 = -4*t + 5*t + j - 13. Calculate the remainder when 49 is divided by t.
10
Suppose 18 = 6*x - 9*x. Let g = 10 - x. What is the remainder when g is divided by 9?
7
Suppose 73 - 13 = 10*c. Calculate the remainder when 22 is divided by c.
4
Suppose -w = w - 38. Let t = w + -12. What is the remainder when 12 is divided by t?
5
Let m(c) = -c**3 + 4*c**2 + c + 1. Let v be 0 + -3*1/(-1). Let s(a) = -a**2 + 4*a - 1. Let j be s(v). What is the remainder when 20 is divided by m(j)?
9
Let d be (-366)/(-8)*(4 - -4). Let c = d + -186. Suppose -5*m + 3*h - c = -434, 4*m = -3*h + 214. What is the remainder when m is divided by 18?
16
Let n = -11 - -7. Let y = 8 - n. Calculate the remainder when y is divided by 7.
5
Let h be (-4)/(-10)*(-10)/(-4). Suppose 3*s - 34 + 4 = 0. Calculate the remainder when (1 + h)/(4/38) is divided by s.
9
Suppose -r + 17 = z, r - z = 15 + 6. Let b = 3 - -8. Calculate the remainder when r is divided by b.
8
Let q = 32 - 11. Calculate the remainder when q is divided by 8.
5
Let d(x) = 4*x**2 + 1 + 2*x**3 - 3*x - 4*x**3 + 9*x**3 - 5*x**3. Calculate the remainder when d(2) is divided by 15.
12
Let s be (-24)/(-12) - (1 + -159). Calculate the remainder when 25 is divided by s/12 - 1/3.
12
Suppose -4*f + 56 = 4*n, 5*f = 2*f - 3. What is the remainder when n is divided by (6 - 4)/(3/6)?
3
Suppose 8 = -6*x + 50. Calculate the remainder when x is divided by 4.
3
Calculate the remainder when 153 is divided by (-1 + (-26)/(-10) - 2)*-130.
49
Calculate the remainder when 14 is divided by ((-156)/65)/(6/(-20)).
6
Let w = 44 - 4. Let m be 18 + -3 + 0 - 1. What is the remainder when w is divided by m/(-8)*(-7 + -1)?
12
Suppose 3*o + 47 = 152. What is the remainder when o is divided by 9?
8
Let f = 9 - 7. Let x be 2 + -3*1 - -58. Suppose -x = -o - f*o. What is the remainder when o is divided by 7?
5
Suppose 3*b = -4 + 10. Suppose -2*z + 4*v = -0*z - 2, b*z = -3*v + 9. What is the remainder when 4 is divided by z?
1
Let q = 38 + -27. Let p = q - 15. Let k(x) = -x**3 - 3*x**2 + x + 3. Calculate the remainder when 43 is divided by k(p).
13
Suppose -35 = -t + 4. What is the remainder when 231 is divided by t?
36
Let p(r) = r**2 + 5*r + 5. Let v be p(-4). Let h = 1 + v. Suppose -4*a + 3*w + 31 = -h*a, 4*w + 12 = 0. Calculate the remainder when a is divided by 6.
5
Suppose -4*j = -4*g + 252, 0*j - 4*j + 58 = g. What is the remainder when g is divided by (1 - 0 - -20)*1?
20
Let a(y) = y**3 - 10*y**2 + 10*y - 15. Let t be a(10). Suppose 7*h - 2*h = -t. What is the remainder when 33 is divided by 1/(1/h*-1)?
16
Suppose 2*o = -5*d + o + 75, -3*d = -3*o - 45. Calculate the remainder when d is divided by 6.
3
Calculate the remainder when (18 - 16)*(-9)/(-2) is divided by 4.
1
Suppose 2*n - 54 = -5*f + 71, f - 2*n - 37 = 0. Calculate the remainder when f is divided by 7.
6
Let z be 4/3*6/2. Suppose -2*k = z*c, 2*k + k - 4*c = 30. Let j = 2 + k. What is the remainder when 14 is divided by j?
6
Let l(u) = 2 - 1 + 1 - u + 2. Calculate the remainder when 20 is divided by l(-7).
9
Let b = -116 - -196. Calculate the remainder when b is divided by 17.
12
What is the remainder when ((-21)/28)/((-4)/336*1) is divided by 39*(2 - 4)/(-6)?
11
Let z(w) = -5*w + 4. Let d(l) = 3*l + 2. Let a(f) = -2*f - 2. Let n(v) = 5*a(v) + 4*d(v). Calculate the remainder when z(-5) is divided by n(6).
9
Calculate the remainder when 42 is divided by (1 + -4)*(9 - 14).
12
Let d = 7 + -5. Suppose -4*f = -3*l - 4, -d = -l + 4*l - 2*f. Suppose l*h = -3*h + 63. Calculate the remainder when h is divided by 11.
10
Suppose 28 = -2*t + 258. Suppose z - 6*z + t = 0. Calculate the remainder when z is divided by 6.
5
Suppose -o - 3 = -5. Calculate the remainder when 4 is divided by o.
0
Suppose 0*v - 52 = -q - 3*v, -2*q = 3*v - 110. Let m = 1 - -14. Calculate the remainder when q is divided by m.
13
Suppose -2*r - r - 32 = -4*x, 5*x = -2*r - 29. Let y = 27 + r. Let l = -98 - -142. Calculate the remainder when l is divided by y.
14
Suppose -2*p + 15 = 3*p. Suppose p*o = 26 + 25. Calculate the remainder when 65 is divided by o.
14
Let r(d) = d**3 - 4*d**2 - 4. Let x be r(4). Let t(v) = v**2 - v - 7. What is the remainder when 37 is divided by t(x)?
11
Let s(o) = -o**2 - 12*o - 2. Let j be (-35)/5*(-6)/(-7). What is the remainder when s(j) is divided by 2/(-5) + 62/5?
10
Suppose -5*i + 2*v = -973, 4*v + 97 + 94 = i. Calculate the remainder when i is divided by 33.
30
Let h(j) = j**3 - 4*j**2 - j + 5. Let l be h(4). Let q be ((-3)/4)/(l/36). What is the remainder when 2/(-9) - 708/q is divided by 14?
12
Let y be (-4)/6 - (-10)/6. Suppose -3*o + 18 = -3*l, l = -4*o - 0*l + 19. What is the remainder when (-4)/(-12)*(40 - y) is divided by o?
3
Suppose 4*b - 4*n - 84 = 0, -3*n + 66 = 5*b - 39. What is the remainder when b is divided by 8?
5
Let d = 72 - 13. Suppose -d = -2*p + 23. Calculate the remainder when p is divided by 14.
13
Let t be 4/(-2) - -5 - -31. Suppose 6 + t = 2*x. Calculate the remainder when 59 is divided by x.
19
Suppose 5*z - 3*z = 24. Let v(x) = 8*x**2 + 2*x - 2. Let t be 0 - (-4 + (-1 - -3)). What is the remainder when v(t) is divided by z?
10
Calculate the remainder when (28/(-10))/(1/(-5)) is divided by (-3 + 14 - 3)*1.
6
Let n be 25 + (-2 + -1 - -4). Let j = n + -11. What is the remainder when j is divided by 4?
3
Suppose -4*c + 36 = -2*p, -3*p + 5*c - 21 = 28. What is the remainder when 45 is divided by ((-12)/8)/(1/p)?
9
Suppose -p + 6 = t - 2, 36 = 5*t + 4*p. Calculate the remainder when 23 is divided by ((-13)/(-2))/(t/8).
10
Let g(h) = h**2 + 10. Let f be g(0).